(x)?
-2
Suppose 34*l - 38*l - 8 = 0. Let i(q) = -8*q + 2. What is i(l)?
18
Let u(v) = -5*v + v + 2 + v. Let c = 3 - -7. Let m = c + -8. What is u(m)?
-4
Let z(p) = 9*p + 13. Let j(r) = 4*r + 6. Let o(y) = 5*j(y) - 2*z(y). Let x = 68 - 63. Determine o(x).
14
Suppose 5*g - 5*l = -7*l + 30, 17 = 3*g + l. Let h(i) = 0 - 3 + 8 - 577*i**3 + 576*i**3 - 4*i + 4*i**2. Determine h(g).
-11
Let m(d) = 9*d - 1. Suppose 0 = -3*x + 2 + 34. Suppose x = 6*q - 12*q. Determine m(q).
-19
Let d be ((-145)/(-58))/((-10)/(-16)). Let w(l) = l**3 - 5*l**2 + 4*l + 5. Calculate w(d).
5
Let x(j) = 388*j**2 + j + 2 - 389*j**2 - 1. Calculate x(-2).
-5
Let c be (-171)/(-27) - 5 - 4/(-6). Suppose -z + 0*z = -p - 4, 3*p + 4*z - 23 = 0. Let r(a) = -p - 4*a - c*a + 3 - 3*a**2 + 2*a**2. Calculate r(-6).
2
Let q(d) = -1. Let l(r) be the second derivative of -r**3/6 + 7*r**2/2 + 5*r. Let w(k) = l(k) - 4*q(k). Let t be 6 - (1 + -1*1). Determine w(t).
5
Let x(p) = 2*p**3 - 3*p**2 + 2*p - 2. Let b(u) = -u**2 - 2 + 2*u + 0 + 3*u**2 + 0*u. Let i(s) = -s - 9. Let w be i(-7). Let l be b(w). Calculate x(l).
6
Let x(l) = 68*l - 39 - 137*l + 68*l. Determine x(0).
-39
Let n(q) be the first derivative of 5*q**3 + q**2/2 - q - 212. Give n(1).
15
Suppose f + 2*h = -23, -4*h = -f - 8*h - 27. Let v(b) = -b**2 - 18*b + 28. Give v(f).
9
Let f(q) = -q**2 + 7*q - 4. Let i be f(6). Suppose 105*x - 109*x = -8. Let l(k) = x + k - 4 - 1 + 2. Determine l(i).
1
Let h be (-96)/(-21) + (-6)/(-14). Let g(a) be the second derivative of 1/12*a**4 - 3*a + 7/2*a**2 - a**3 + 0. Determine g(h).
2
Let r(g) = g**2 - 15*g - 6. Suppose -151*x + 156*x = -5*i + 85, 4*i - 4*x - 52 = 0. Calculate r(i).
-6
Let j be (24/(-16))/(2/(-4)). Suppose -n - j = 2*n. Let l(h) be the third derivative of -2*h**5/15 + h**4/24 + h**3/6 + 2*h**2 + 2. Determine l(n).
-8
Let p(x) = 35*x - 241. Let b be p(7). Let c(j) be the first derivative of -j**3/3 + j**2/2 + 2*j + 2. Let i(a) be the first derivative of c(a). Give i(b).
-7
Suppose -115 + 355 = 20*y. Let i(p) be the third derivative of -y*p**2 - 1/24*p**4 + 0 + 0*p + 5/6*p**3. Determine i(4).
1
Let r be ((-60)/50)/((-6)/(-10)). Let y(n) = -n**3 - 5*n**2 - 2*n + 1. What is y(r)?
-7
Suppose 0 = -3*i, -2*i = -0*n + 3*n - 0*i. Let o(b) = 11*b - 5. Give o(n).
-5
Let i(p) = 2*p - 31. Let x be i(12). Let f(o) = 4*o + 21. Give f(x).
-7
Let c(f) = -f + 2. Suppose r = -5*d + 13, 0 = d - 3*r + 1 + 6. Suppose -2*a - 19 = 3*v + 22, -d*a + v - 45 = 0. Let x = 19 + a. Calculate c(x).
5
Let v = 6 - 8. Suppose -29*d = -30*d - 5. Let j(c) = c**3 + 6*c**2 + 7*c - 5. Let y(t) = -t**3 - 3*t**2 - 3*t + 2. Let m(u) = d*y(u) - 2*j(u). Determine m(v).
-14
Let d = -393 - -396. Let w(h) = h**3 - 6*h**2 + 7*h + 1. Calculate w(d).
-5
Let v(o) be the second derivative of -o**4/12 + o**3/3 + 39*o**2/2 - 2*o - 52. Calculate v(0).
39
Let i(g) = g + 2. Let v(f) = -7*f - 16. Let d(u) = 6*i(u) + v(u). What is d(-8)?
4
Let g(m) = -5*m + 2. Suppose -3*s = -97 - 155. Suppose -5*w + 36 = -s. Let l be w/(-18)*3/2. Determine g(l).
12
Let a(o) = 10*o + 3. Let j(t) = 34*t - 1. Let q be j(1). Let x = q - 35. Determine a(x).
-17
Let a be (-34)/3 + (-4)/(-36)*3. Let d(v) = 2*v + 0*v + 5 - v. Let t be d(a). Let x(o) = 2*o + 8. Calculate x(t).
-4
Let n(m) = m**2 + 6*m - 1. Suppose -7*r + 6*r - 28 = 0. Let u be (36/(-24))/(2/r). Suppose -f - u = 4*o, -3*o - f + 27 = -7*o. Give n(o).
-1
Let i(u) be the third derivative of -u**4/24 - u**3/3 - 56*u**2 - u. What is i(-4)?
2
Let s(j) be the first derivative of -j**3 + 2*j**2 - 5*j + 20. Let z(q) = 2*q**2 - 2*q + 3. Let p(x) = 3*s(x) + 5*z(x). Give p(-1).
-1
Let l = 106 + -112. Let h(v) = v**3 + 6*v**2 + 2*v + 8. What is h(l)?
-4
Let c(z) = 3*z**2 - 22*z - 8. Let o(i) = 3*i**2 - 18*i - 7. Let h(l) = 5*c(l) - 6*o(l). Determine h(-2).
-6
Let y(c) = -c**2 + c + 4. Let i be y(0). Let k(j) = 4 + 3 + j - 6 + 1 - 1. Give k(i).
5
Suppose -7 = -k - 4*t, -2 = 2*k + 4*t - 20. Let l(n) = 3*n - 35. Calculate l(k).
-2
Let q(y) = -23*y. Let c(i) = -6*i - 241. Let d be c(-40). Determine q(d).
23
Let z(r) = r + 8. Let d(x) = x**3 + 4*x**2 - 13*x + 8. Let j be d(-6). Suppose j*s + 96 = 12. Determine z(s).
2
Let z(c) be the third derivative of c**6/144 + c**5/40 - c**4/6 + 35*c**2. Let n(k) be the second derivative of z(k). Determine n(-3).
-12
Let o(f) = f**2 - f + 13. Let q(y) = y**3 + 8*y**2 + 3*y + 24. Let t be q(-8). What is o(t)?
13
Let h(n) = -4*n - 24. Let m(v) = 9*v + 56. Let t(a) = 7*h(a) + 3*m(a). What is t(10)?
-10
Suppose 0 = -3*m + m - 2. Let p(s) be the second derivative of 4*s**5/5 - s**4/6 - s**3/3 - s**2/2 - s + 19. Calculate p(m).
-17
Let s(r) = -2*r. Let o(f) = -19*f**2. Let k be o(1). Let n = -236 + 218. Let u = k - n. Calculate s(u).
2
Let l(k) be the third derivative of k**6/120 - k**5/15 - k**4/12 - k**3 - 40*k**2 - 2*k. What is l(5)?
9
Let d(v) be the first derivative of -v**4/4 + v**3 + 3*v**2/2 - v + 29. Let m = 8 - 6. Give d(m).
9
Let s(l) = 9*l - 8 - l**2 + 16 - 9 - 5. Determine s(6).
12
Let d be ((-8)/(-18))/(98/441). Let o(z) = 10*z - 3. Calculate o(d).
17
Let r(n) = -4*n**3 - 13*n - 7. Let b(w) = 6*w + 7*w - 17*w + 2*w**3 - 2 - 3*w**3. Let q be ((-14)/6)/(3/(-9)). Let u(f) = q*b(f) - 2*r(f). What is u(-2)?
-4
Let i be (-3)/2*16/(-6). Let z(p) = 2*p - 2 + p + i. Suppose 2*q = 3*y + 6, -6 = -3*q + 3*y - 3. Give z(q).
-7
Let y be ((-2)/(-6)*0)/1. Let f(m) = y*m + m**2 - 2*m**2 - m + 7. Suppose 3*w + 8 + 7 = -3*p, 0 = 2*p - 2*w - 10. Determine f(p).
7
Let o(y) be the third derivative of -y**6/60 - y**5/20 - y**4/6 - y**3/3 + 17*y**2 - y. What is o(-2)?
10
Let a(l) = -l**2 + 19*l - 82. Let b be a(13). Let r(z) = 2 + 0 - 2*z + z. Give r(b).
6
Suppose -19 = -6*c - 55. Let m(b) be the first derivative of b**4/4 + 7*b**3/3 + 5*b**2/2 - 2*b + 1. Determine m(c).
4
Let o(n) = n**3 - n. Let z be o(-2). Let h be (-6)/27*-33 - z/(-18). Let d(r) = 2*r + 3. Give d(h).
17
Let j(z) be the third derivative of 0 + 2*z**3 - 1/60*z**5 + 0*z + 42*z**2 - 1/3*z**4. Calculate j(-9).
3
Let d(t) = -t**3 - 4*t**2 + 2*t. Let f(i) = -6*i + 13. Let v be f(3). Calculate d(v).
15
Let a = -176 + 184. Let j(b) = -b**3 + 7*b**2 + 7*b + 10. Calculate j(a).
2
Let y(g) = -11*g**2 - g + 21. Let n(x) = -5*x**2 - x + 11. Let h(m) = -13*n(m) + 6*y(m). Determine h(5).
-7
Let r(o) = -o**3 + 7*o**2 - 2*o - 10. Let d be r(6). Let h(k) = -k**2 + 14*k - 20. Let y be h(d). Let x = -19 - y. Let i(m) = -3*m - 1. Calculate i(x).
-4
Let w(y) = -7*y - 1. Let m be (-540)/405*(10/4 + -1). Give w(m).
13
Let h(m) = -m**3 + 5*m**2 - m + 4. Suppose -3*t + 6*w - 9*w = -18, 4*t = 4*w. Let z(s) = -s**2 + s - 2. Let q(i) = t*z(i) + h(i). Give q(-2).
10
Let c(k) = 7 + 4 - k + 1 - 10. Give c(9).
-7
Let p(z) = -z**3 + 10*z**2 + 37*z + 31. Let j be p(13). Let a(h) be the first derivative of -j*h + 3/2*h**2 - 7. Give a(4).
7
Let g(s) be the second derivative of s**5/20 - s**4/2 - 7*s**3/6 + s**2/2 + 33*s. Determine g(7).
1
Let r(c) = -5*c**2 - 3*c - 4. Let s(u) = -4*u**2 - 2*u - 3. Let w(h) = -5*r(h) + 6*s(h). Let p = -55 + 37. Let a = p - -16. Determine w(a).
0
Let p(a) = a + 2. Suppose x - 2*i - 12 - 20 = 0, -5*x - i + 116 = 0. Suppose -3*k = 6 - x. What is p(k)?
8
Let u(v) be the first derivative of v**4/4 - 5*v**3/3 - 7*v**2/2 - 3*v + 34. Calculate u(6).
-9
Let s(r) = -2*r - r**2 + 44 - 2*r - 3*r - r - 45. Give s(-9).
-10
Suppose -141*w + 137*w = 28. Let j(z) = -8*z + 3. Calculate j(w).
59
Let j(v) = 14*v - 22. Let o(n) = 24*n - 43. Let z(r) = 7*j(r) - 4*o(r). Determine z(-6).
6
Let y(v) = -3*v - 1. Let q(c) = c**3 + 12*c**2 + 11*c - 20. Let h be q(-11). Let n(z) = z**3 + 20*z**2 + 1. Let p be n(h). Calculate y(p).
-4
Let p(u) be the second derivative of -u**3/3 + u**2/2 - 5*u + 4. What is p(-6)?
13
Suppose -b + x + 17 = 13, -b - 8 = 2*x. Let r(q) be the second derivative of -5*q**2 - 1/20*q**5 + 0*q**4 + 0 + b*q**3 + 2*q. Give r(0).
-10
Suppose 45*x - 47*x = 0. Suppose 4*f + 4 = 4*w, -5*f + 2 = 2*w - x. Let h(o) = -o**3 + o - 4. Calculate h(f).
-4
Let k(i) = -10*i**3 - i**2 + 5*i - 1. Let m(t) = 11*t**3 + t**2 - 7*t + 1. Let p(q) = -4*k(q) - 3*m(q). Calculate p(-1).
-6
Let b(y) = -22*y + 15*y + 8*y + 9 + 13*y. Let x(l) = 21*l + 13. Let g(c) = 7*b(c) - 5*x(c). Let j be (-5 - -1)*2/(-4). Determine g(j).
-16
Let x be (-126)/28 + 1/(-2). Let o(j